7, 107
List the prime factors of 42266.
2, 7, 3019
What are the prime factors of 3880408?
2, 7, 19, 521
List the prime factors of 565132.
2, 141283
What are the prime factors of 1360849?
7, 61, 3187
List the prime factors of 2944187.
1423, 2069
List the prime factors of 315731.
13, 149, 163
What are the prime factors of 410569?
151, 2719
What are the prime factors of 1525443?
3, 499, 1019
List the prime factors of 78443.
47, 1669
What are the prime factors of 1453339?
1453339
List the prime factors of 158387.
149, 1063
List the prime factors of 10531071.
3, 1170119
List the prime factors of 22266535.
5, 293, 15199
What are the prime factors of 751516?
2, 89, 2111
List the prime factors of 958096.
2, 233, 257
List the prime factors of 135271.
135271
What are the prime factors of 184987?
11, 67, 251
What are the prime factors of 1966928?
2, 269, 457
What are the prime factors of 333141?
3, 293, 379
What are the prime factors of 14321756?
2, 1663, 2153
What are the prime factors of 12971?
7, 17, 109
What are the prime factors of 78264?
2, 3, 1087
List the prime factors of 88088.
2, 7, 11, 13
List the prime factors of 1179197.
19, 53, 1171
What are the prime factors of 174971?
19, 9209
What are the prime factors of 729008?
2, 7, 23, 283
List the prime factors of 3526153.
19, 23, 8069
What are the prime factors of 8659388?
2, 349, 6203
List the prime factors of 706599.
3, 78511
What are the prime factors of 5032034?
2, 7, 17, 21143
List the prime factors of 1828478.
2, 914239
List the prime factors of 3312177.
3, 11, 29, 3461
What are the prime factors of 14763?
3, 7, 19, 37
What are the prime factors of 1053428?
2, 53, 4969
List the prime factors of 1194889.
1194889
What are the prime factors of 409944?
2, 3, 19, 29, 31
List the prime factors of 9157993.
13, 704461
What are the prime factors of 5373369?
3, 47, 12703
List the prime factors of 14415.
3, 5, 31
List the prime factors of 1400013.
3, 155557
What are the prime factors of 5109924?
2, 3, 269, 1583
List the prime factors of 1788863.
1788863
What are the prime factors of 228721?
331, 691
List the prime factors of 1885075.
5, 75403
List the prime factors of 1026892.
2, 256723
List the prime factors of 1816999.
53, 34283
What are the prime factors of 202981?
202981
List the prime factors of 62643.
3, 7, 19, 157
List the prime factors of 8184614.
2, 61, 73, 919
What are the prime factors of 290662?
2, 19, 7649
What are the prime factors of 12919966?
2, 17, 379999
What are the prime factors of 1276412?
2, 41, 43, 181
List the prime factors of 290538.
2, 3, 16141
List the prime factors of 2258044.
2, 109, 5179
What are the prime factors of 466571?
7, 66653
List the prime factors of 1165047.
3, 13, 29873
List the prime factors of 10218889.
10218889
What are the prime factors of 377766?
2, 3, 31, 677
List the prime factors of 2229571.
787, 2833
List the prime factors of 1195332.
2, 3, 99611
What are the prime factors of 36616189?
36616189
What are the prime factors of 12197282?
2, 1361, 4481
List the prime factors of 5517157.
1627, 3391
What are the prime factors of 54054?
2, 3, 7, 11, 13
What are the prime factors of 408078?
2, 3, 11, 229
What are the prime factors of 95964?
2, 3, 11, 727
List the prime factors of 469914.
2, 3, 17, 271
What are the prime factors of 39691?
19, 2089
What are the prime factors of 25017940?
2, 5, 587, 2131
List the prime factors of 4073125.
5, 7, 19
What are the prime factors of 960037?
13, 73849
List the prime factors of 370515.
3, 5, 17, 1453
What are the prime factors of 216470?
2, 5, 21647
What are the prime factors of 1960794?
2, 3, 11, 3301
What are the prime factors of 2051?
7, 293
What are the prime factors of 11712430?
2, 5, 1171243
What are the prime factors of 745724?
2, 7, 26633
What are the prime factors of 1803894?
2, 3, 300649
List the prime factors of 15180373.
13, 19, 41, 1499
List the prime factors of 37729937.
7, 137, 39343
What are the prime factors of 607323?
3, 202441
What are the prime factors of 19721843?
19721843
List the prime factors of 2266493.
2266493
What are the prime factors of 19023664?
2, 11, 108089
List the prime factors of 7265062.
2, 7, 518933
What are the prime factors of 11693262?
2, 3, 7, 31, 1283
What are the prime factors of 701864?
2, 59, 1487
List the prime factors of 4002061.
7, 79, 7237
What are the prime factors of 3928959?
3, 145517
What are the prime factors of 2984875?
5, 23879
What are the prime factors of 250631?
17, 23, 641
What are the prime factors of 10548322?
2, 5274161
List the prime factors of 2145284.
2, 41, 103, 127
What are the prime factors of 8493541?
7, 727, 1669
List the prime factors of 301694.
2, 150847
List the prime factors of 222413.
197, 1129
List the prime factors of 262222.
2, 131111
List the prime factors of 171046.
2, 85523
What are the prime factors of 83969?
83969
What are the prime factors of 1664584?
2, 208073
What are the prime factors of 7047295?
5, 1409459
List the prime factors of 734360.
2, 5, 11, 1669
What are the prime factors of 2487884?
2, 7, 88853
What are the prime factors of 3818043?
3, 41, 3449
What are the prime factors of 2158187?
71, 113, 269
What are the prime factors of 9455524?
2, 13, 181837
List the prime factors of 535527.
3, 157, 379
List the prime factors of 8976571.
229, 39199
List the prime factors of 168711.
3, 56237
What are the prime factors of 3174565?
5, 179, 3547
List the prime factors of 219639.
3, 7, 10459
List the prime factors of 211512.
2, 3, 7, 1259
List the prime factors of 1225571.
1225571
What are the prime factors of 1393211?
53, 97, 271
List the prime factors of 309447.
3, 73, 157
What are the prime factors of 1828603?
7, 261229
List the prime factors of 1324802.
2, 662401
What are the prime factors of 59221?
59221
What are the prime factors of 13019789?
13019789
List the prime factors of 1148466.
2, 3, 11, 17401
What are the prime factors of 1572797?
929, 1693
List the prime factors of 1839791.
17, 108223
List the prime factors of 2089221.
3, 19, 36653
List the prime factors of 6262725.
3, 5, 7, 79, 151
List the prime factors of 5963789.
13, 79, 5807
List the prime factors of 1701743.
1701743
List the prime factors of 5548492.
2, 1387123
List the prime factors of 18478603.
11, 13, 129221
What are the prime factors of 2579595?
3, 5, 47, 3659
List the prime factors of 30439.
61, 499
What are the prime factors of 824703?
3, 11, 67, 373
What are the prime factors of 322437?
3, 23, 4673
List the prime factors of 1133391.
3, 7, 31, 1741
What are the prime factors of 2096995?
5, 31, 83, 163
What are the prime factors of 19985245?
5, 7, 19, 41, 733
What are the prime factors of 887493?
3, 295831
List the prime factors of 192706.
2, 96353
What are the prime factors of 4728582?
2, 3, 443, 593
List the prime factors of 12242690.
2, 5, 1224269
List the prime factors of 242595.
3, 5, 599
What are the prime factors of 340532?
2, 85133
What are the prime factors of 162029?
7, 79, 293
What are the prime factors of 6438330?
2, 3, 5, 71537
List the prime factors of 14109109.
7, 29, 9929
What are the prime factors of 39981730?
2, 5, 3998173
List the prime factors of 2042289.
3, 37, 6133
What are the prime factors of 61153?
61153
List the prime factors of 15962.
2, 23, 347
What are the prime factors of 1728658?
2, 19, 45491
List the prime factors of 785407.
7, 29, 53, 73
List the prime factors of 2773768.
2, 346721
List the prime factors of 29859084.
2, 3, 83, 3331
List the prime factors of 21301123.
31, 673, 1021
List the prime factors of 1726769.
11, 156979
What are the prime factors of 11257607?
2339, 4813
List the prime factors of 9802714.
2, 4901357
What are the prime factors of 659231?
659231
What are the prime factors of 11983?
23, 521
List the prime factors of 29145195.
3, 5, 107, 6053
List the prime factors of 14240859.
3, 47, 100999
List the prime factors of 472469.
472469
What are the prime factors of 523018?
2, 261509
List the prime factors of 1158129.
3, 7, 31, 593
List the prime factors of 39190.
2, 5, 3919
List the prime factors of 225939.
3, 7, 29, 53
What are the prime factors of 2245138?
2, 7, 160367
What are the prime factors of 11658251?
11, 53, 19997
List the prime factors of 1887628.
2, 471907
What are the prime factors of 10592311?
1059231